{"id":10,"date":"2020-05-05T18:54:46","date_gmt":"2020-05-05T18:54:46","guid":{"rendered":"http:\/\/pontoniere.agugger.ch\/?page_id=10"},"modified":"2025-01-09T18:26:50","modified_gmt":"2025-01-09T17:26:50","slug":"kontakt2","status":"publish","type":"page","link":"https:\/\/pontoniere-sg.ch\/index.php\/kontakt2\/","title":{"rendered":"Kontakt"},"content":{"rendered":"\t\t<div data-elementor-type=\"wp-page\" data-elementor-id=\"10\" class=\"elementor elementor-10\">\n\t\t\t\t\t\t<section class=\"elementor-section elementor-top-section elementor-element elementor-element-37443e0 elementor-section-boxed elementor-section-height-default elementor-section-height-default\" data-id=\"37443e0\" data-element_type=\"section\" data-e-type=\"section\">\n\t\t\t\t\t\t<div class=\"elementor-container elementor-column-gap-default\">\n\t\t\t\t\t<div class=\"elementor-column elementor-col-100 elementor-top-column elementor-element elementor-element-7686879\" data-id=\"7686879\" data-element_type=\"column\" data-e-type=\"column\">\n\t\t\t<div class=\"elementor-widget-wrap elementor-element-populated\">\n\t\t\t\t\t\t<section class=\"elementor-section elementor-inner-section elementor-element elementor-element-532a122 elementor-section-boxed elementor-section-height-default elementor-section-height-default\" data-id=\"532a122\" data-element_type=\"section\" data-e-type=\"section\">\n\t\t\t\t\t\t<div class=\"elementor-container elementor-column-gap-default\">\n\t\t\t\t\t<div class=\"elementor-column elementor-col-50 elementor-inner-column elementor-element elementor-element-3279c42\" data-id=\"3279c42\" data-element_type=\"column\" data-e-type=\"column\">\n\t\t\t<div class=\"elementor-widget-wrap elementor-element-populated\">\n\t\t\t\t\t\t<div class=\"elementor-element elementor-element-46a69bb elementor-widget elementor-widget-text-editor\" data-id=\"46a69bb\" data-element_type=\"widget\" data-e-type=\"widget\" data-widget_type=\"text-editor.default\">\n\t\t\t\t<div class=\"elementor-widget-container\">\n\t\t\t\t\t\t\t\t\t<p style=\"margin: 0cm 0cm 7.5pt;\"><span style=\"font-size: 10.5pt; font-family: Arial, sans-serif;\">Pontonierfahrverein<br \/>Sch\u00f6nenwerd-G\u00f6sgen<br \/><\/span><span style=\"font-size: 10.5pt; font-family: Arial, sans-serif;\">5012 Sch\u00f6nenwerd<\/span><\/p><p style=\"margin: 0cm;\"><a href=\"mailto:info@pontoniere-sg.ch\"><span style=\"font-size: 10.5pt; font-family: 'Arial',sans-serif; color: #4472c4; mso-themecolor: accent1;\"><span style=\"font-family: inherit, serif; color: #4472c4; padding: 0cm; border: 1pt none windowtext;\">info@pontoniere-sg.ch<\/span><\/span><\/a><\/p><p style=\"margin: 0cm;\"><a href=\"http:\/\/www.pontoniere-sg.ch\"><span style=\"font-size: 10.5pt; font-family: 'Arial',sans-serif; color: #4472c4; mso-themecolor: accent1;\"><span style=\"font-family: inherit, serif; color: #4472c4; padding: 0cm; border: 1pt none windowtext;\">www.pontoniere-sg.ch<\/span><\/span><\/a><\/p><h3>Allgemeine Ausk\u00fcnfte \/ Meldungen<\/h3><p style=\"margin: 0cm;\">Philippe Gross<\/p><p style=\"margin: 0cm 0cm 7.5pt;\"><span style=\"font-size: 10.5pt;\"><span style=\"font-family: Arial, sans-serif;\">+41 78 734 71 39<br \/><\/span><\/span><a href=\"mailto:praesident@pontoniere-sg.ch\"><span style=\"color: #4472c4; mso-themecolor: accent1;\">praesident@pontoniere-sg.ch<\/span><\/a><b><\/b><\/p><h3>Anl\u00e4sse und Ressorts<\/h3><div><table><tbody><tr><td width=\"302\"><p>Aarefest<\/p><\/td><td width=\"302\"><p><a href=\"mailto:aarefest@pontoniere-sg.ch\" target=\"_blank\" rel=\"noopener\">aarefest@pontoniere-sg.ch<\/a><\/p><\/td><\/tr><tr><td width=\"302\"><p>Pressechef<\/p><\/td><td width=\"302\"><p><a href=\"mailto:pressechef@pontoniere-sg.ch\" target=\"_blank\" rel=\"noopener\">pressechef@pontoniere-sg.ch<\/a><\/p><\/td><\/tr><tr><td width=\"302\"><p>Webmaster<\/p><\/td><td width=\"302\"><p><a href=\"mailto:webmaster@pontoniere-sg.ch\">webmaster@pontoniere-sg.ch<\/a><\/p><\/td><\/tr><\/tbody><\/table><\/div>\t\t\t\t\t\t\t\t<\/div>\n\t\t\t\t<\/div>\n\t\t\t\t\t<\/div>\n\t\t<\/div>\n\t\t\t\t<div class=\"elementor-column elementor-col-50 elementor-inner-column elementor-element elementor-element-9aa23df\" data-id=\"9aa23df\" data-element_type=\"column\" data-e-type=\"column\">\n\t\t\t<div class=\"elementor-widget-wrap elementor-element-populated\">\n\t\t\t\t\t\t<div class=\"elementor-element elementor-element-c918b51 elementor-widget elementor-widget-google_maps\" data-id=\"c918b51\" data-element_type=\"widget\" data-e-type=\"widget\" data-widget_type=\"google_maps.default\">\n\t\t\t\t<div class=\"elementor-widget-container\">\n\t\t\t\t\t\t\t<div class=\"elementor-custom-embed\">\n\t\t\t<iframe loading=\"lazy\"\n\t\t\t\t\tsrc=\"https:\/\/maps.google.com\/maps?q=Aarestrasse%203%2C%205012%20Sch%C3%B6nenwerd&#038;t=m&#038;z=14&#038;output=embed&#038;iwloc=near\"\n\t\t\t\t\ttitle=\"Aarestrasse 3, 5012 Sch\u00f6nenwerd\"\n\t\t\t\t\taria-label=\"Aarestrasse 3, 5012 Sch\u00f6nenwerd\"\n\t\t\t><\/iframe>\n\t\t<\/div>\n\t\t\t\t\t\t<\/div>\n\t\t\t\t<\/div>\n\t\t\t\t\t<\/div>\n\t\t<\/div>\n\t\t\t\t\t<\/div>\n\t\t<\/section>\n\t\t\t\t\t<\/div>\n\t\t<\/div>\n\t\t\t\t\t<\/div>\n\t\t<\/section>\n\t\t\t\t<\/div>\n\t\t","protected":false},"excerpt":{"rendered":"<p>PontonierfahrvereinSch\u00f6nenwerd-G\u00f6sgen5012 Sch\u00f6nenwerd info@pontoniere-sg.ch www.pontoniere-sg.ch Allgemeine Ausk\u00fcnfte \/ Meldungen Philippe Gross +41 78 734 71 39praesident@pontoniere-sg.ch Anl\u00e4sse und Ressorts Aarefest aarefest@pontoniere-sg.ch Pressechef pressechef@pontoniere-sg.ch Webmaster webmaster@pontoniere-sg.ch<\/p>\n","protected":false},"author":3,"featured_media":0,"parent":0,"menu_order":900,"comment_status":"closed","ping_status":"closed","template":"","meta":{"footnotes":""},"class_list":["post-10","page","type-page","status-publish","hentry"],"_links":{"self":[{"href":"https:\/\/pontoniere-sg.ch\/index.php\/wp-json\/wp\/v2\/pages\/10","targetHints":{"allow":["GET"]}}],"collection":[{"href":"https:\/\/pontoniere-sg.ch\/index.php\/wp-json\/wp\/v2\/pages"}],"about":[{"href":"https:\/\/pontoniere-sg.ch\/index.php\/wp-json\/wp\/v2\/types\/page"}],"author":[{"embeddable":true,"href":"https:\/\/pontoniere-sg.ch\/index.php\/wp-json\/wp\/v2\/users\/3"}],"replies":[{"embeddable":true,"href":"https:\/\/pontoniere-sg.ch\/index.php\/wp-json\/wp\/v2\/comments?post=10"}],"version-history":[{"count":33,"href":"https:\/\/pontoniere-sg.ch\/index.php\/wp-json\/wp\/v2\/pages\/10\/revisions"}],"predecessor-version":[{"id":2603,"href":"https:\/\/pontoniere-sg.ch\/index.php\/wp-json\/wp\/v2\/pages\/10\/revisions\/2603"}],"wp:attachment":[{"href":"https:\/\/pontoniere-sg.ch\/index.php\/wp-json\/wp\/v2\/media?parent=10"}],"curies":[{"name":"wp","href":"https:\/\/api.w.org\/{rel}","templated":true}]}}