{"id":51,"date":"2020-05-06T17:13:46","date_gmt":"2020-05-06T17:13:46","guid":{"rendered":"http:\/\/pontoniere.agugger.ch\/?page_id=51"},"modified":"2025-01-09T18:25:39","modified_gmt":"2025-01-09T17:25:39","slug":"ew-2022","status":"publish","type":"page","link":"https:\/\/pontoniere-sg.ch\/index.php\/events\/ew-2022\/","title":{"rendered":"EW 2022"},"content":{"rendered":"\t\t<div data-elementor-type=\"wp-page\" data-elementor-id=\"51\" class=\"elementor elementor-51\">\n\t\t\t\t\t\t<section class=\"elementor-section elementor-top-section elementor-element elementor-element-935f663 elementor-section-boxed elementor-section-height-default elementor-section-height-default\" data-id=\"935f663\" data-element_type=\"section\" data-e-type=\"section\">\n\t\t\t\t\t\t<div class=\"elementor-container elementor-column-gap-default\">\n\t\t\t\t\t<div class=\"elementor-column elementor-col-100 elementor-top-column elementor-element elementor-element-7c726f4\" data-id=\"7c726f4\" data-element_type=\"column\" data-e-type=\"column\">\n\t\t\t<div class=\"elementor-widget-wrap elementor-element-populated\">\n\t\t\t\t\t\t<div class=\"elementor-element elementor-element-3a342ba elementor-widget elementor-widget-heading\" data-id=\"3a342ba\" data-element_type=\"widget\" data-e-type=\"widget\" data-widget_type=\"heading.default\">\n\t\t\t\t<div class=\"elementor-widget-container\">\n\t\t\t\t\t<h2 class=\"elementor-heading-title elementor-size-medium\">Erfolgreiches Einzelwettfahren in Sch\u00f6nenwerd geh\u00f6rt der Vergangenheit an<\/h2>\t\t\t\t<\/div>\n\t\t\t\t<\/div>\n\t\t\t\t\t<\/div>\n\t\t<\/div>\n\t\t\t\t\t<\/div>\n\t\t<\/section>\n\t\t\t\t<section class=\"elementor-section elementor-top-section elementor-element elementor-element-0e863af elementor-section-boxed elementor-section-height-default elementor-section-height-default\" data-id=\"0e863af\" data-element_type=\"section\" data-e-type=\"section\">\n\t\t\t\t\t\t<div class=\"elementor-container elementor-column-gap-default\">\n\t\t\t\t\t<div class=\"elementor-column elementor-col-100 elementor-top-column elementor-element elementor-element-d56cd84\" data-id=\"d56cd84\" data-element_type=\"column\" data-e-type=\"column\">\n\t\t\t<div class=\"elementor-widget-wrap elementor-element-populated\">\n\t\t\t\t\t\t<div class=\"elementor-element elementor-element-c31e223 elementor-widget elementor-widget-text-editor\" data-id=\"c31e223\" data-element_type=\"widget\" data-e-type=\"widget\" data-widget_type=\"text-editor.default\">\n\t\t\t\t<div class=\"elementor-widget-container\">\n\t\t\t\t\t\t\t\t\t<p>Bei wundersch\u00f6nen und heissem Wetter fand vom 18. \u2013 19. Juni das Einzelwettfahren in Sch\u00f6nenwerd statt. Insgesamt 702 Wettk\u00e4mpfer nahmen in f\u00fcnf verschiedenen Kategorien am Wettfahren teil. In Schiffen gerechnet sind dies 365 Schiffe, welche den Parcour befuhren. Wir als gastgebender Verein konnten unseren Heimvorteil mehrheitlich ausn\u00fctzen.<\/p><p>Wir Sch\u00f6nenwerdner Pontoniere m\u00f6chten uns ganz herzliche bedanken bei<\/p><ul><li>allen Wettk\u00e4mpfer f\u00fcr die Teilnahme und das kameradschaftliche Verhalen<\/li><li>allen Kampfrichter, Zeitmesser, H\u00f6rnler und Funktion\u00e4re im Rechnungsb\u00fcro und der Verbandsleitung f\u00fcr die fairen Bewertungen und ihre Unterst\u00fctzung<\/li><li>allen G\u00e4sten, dass sie uns an der Aare besucht haben und die Wettk\u00e4mpfer angefeuert haben<\/li><li>allen Sponsoren und G\u00f6nner, welche mit ihrer Unterst\u00fctzung den Anlass erm\u00f6glicht haben<\/li><\/ul><p>\u00a0<\/p>\t\t\t\t\t\t\t\t<\/div>\n\t\t\t\t<\/div>\n\t\t\t\t\t<\/div>\n\t\t<\/div>\n\t\t\t\t\t<\/div>\n\t\t<\/section>\n\t\t\t\t<section class=\"elementor-section elementor-top-section elementor-element elementor-element-99d3f9f elementor-section-boxed elementor-section-height-default elementor-section-height-default\" data-id=\"99d3f9f\" data-element_type=\"section\" data-e-type=\"section\">\n\t\t\t\t\t\t<div class=\"elementor-container elementor-column-gap-default\">\n\t\t\t\t\t<div class=\"elementor-column elementor-col-100 elementor-top-column elementor-element elementor-element-14ddc15\" data-id=\"14ddc15\" data-element_type=\"column\" data-e-type=\"column\">\n\t\t\t<div class=\"elementor-widget-wrap elementor-element-populated\">\n\t\t\t\t\t\t<div class=\"elementor-element elementor-element-dd17081 elementor-widget elementor-widget-heading\" data-id=\"dd17081\" data-element_type=\"widget\" data-e-type=\"widget\" data-widget_type=\"heading.default\">\n\t\t\t\t<div class=\"elementor-widget-container\">\n\t\t\t\t\t<h2 class=\"elementor-heading-title elementor-size-medium\">Update Einzelwettfahren 2022<\/h2>\t\t\t\t<\/div>\n\t\t\t\t<\/div>\n\t\t\t\t<div class=\"elementor-element elementor-element-459c4f9 elementor-widget elementor-widget-text-editor\" data-id=\"459c4f9\" data-element_type=\"widget\" data-e-type=\"widget\" data-widget_type=\"text-editor.default\">\n\t\t\t\t<div class=\"elementor-widget-container\">\n\t\t\t\t\t\t\t\t\t<section class=\"elementor-section elementor-top-section elementor-element elementor-element-902ccfb elementor-section-boxed elementor-section-height-default elementor-section-height-default\" data-id=\"902ccfb\" data-element_type=\"section\"><div class=\"elementor-container elementor-column-gap-default\"><div class=\"elementor-column elementor-col-100 elementor-top-column elementor-element elementor-element-64a469f\" data-id=\"64a469f\" data-element_type=\"column\"><div class=\"elementor-widget-wrap elementor-element-populated\"><div class=\"elementor-element elementor-element-dd16fa5 elementor-widget elementor-widget-heading\" data-id=\"dd16fa5\" data-element_type=\"widget\" data-widget_type=\"heading.default\"><div class=\"elementor-widget-container\"><p>Die Organisation des Einzelwettfahren 2022 (EW2022) nimmt wieder Fahrt auf. Gezwungen durch die Corona Situation musste schweren Herzens im Fr\u00fchling 2020 das Wettfahren um zwei Jahre ins 2022 verschoben werden. Nun planen die Pontoniere Sch\u00f6nenwerd-G\u00f6sgen das Wettfahren vom <strong>18.-19. Juni 2022<\/strong> durchzuf\u00fchren.<\/p><p>Leider haben die bereits im 2019 erstellten Wettkampfpodeste in der Zwischenzeit stark gelitten. Einerseits entstanden Sch\u00e4den durch bei St\u00fcrmen umgeknickte B\u00e4ume, aber insbesondere das Hochwasser im Juli und der hohe Wasserstand der Aare bis Mitte August, hat den Podesten stark zugesetzt. In den n\u00e4chsten Wochen werden diese Podeste repariert und sogar neu gebaut, damit hier die Sicherheit w\u00e4hrend den Wettkampftagen gew\u00e4hrleistet werden kann.<\/p><\/div><\/div><\/div><\/div><\/div><\/section>\t\t\t\t\t\t\t\t<\/div>\n\t\t\t\t<\/div>\n\t\t\t\t\t<\/div>\n\t\t<\/div>\n\t\t\t\t\t<\/div>\n\t\t<\/section>\n\t\t\t\t<\/div>\n\t\t","protected":false},"excerpt":{"rendered":"<p>Erfolgreiches Einzelwettfahren in Sch\u00f6nenwerd geh\u00f6rt der Vergangenheit an Bei wundersch\u00f6nen und heissem Wetter fand vom 18. \u2013 19. Juni das Einzelwettfahren in Sch\u00f6nenwerd statt. Insgesamt 702 Wettk\u00e4mpfer nahmen in f\u00fcnf verschiedenen Kategorien am Wettfahren teil. In Schiffen gerechnet sind dies 365 Schiffe, welche den Parcour befuhren. Wir als gastgebender Verein konnten unseren Heimvorteil mehrheitlich ausn\u00fctzen. [&hellip;]<\/p>\n","protected":false},"author":3,"featured_media":0,"parent":50,"menu_order":740,"comment_status":"closed","ping_status":"closed","template":"","meta":{"footnotes":""},"class_list":["post-51","page","type-page","status-publish","hentry"],"_links":{"self":[{"href":"https:\/\/pontoniere-sg.ch\/index.php\/wp-json\/wp\/v2\/pages\/51","targetHints":{"allow":["GET"]}}],"collection":[{"href":"https:\/\/pontoniere-sg.ch\/index.php\/wp-json\/wp\/v2\/pages"}],"about":[{"href":"https:\/\/pontoniere-sg.ch\/index.php\/wp-json\/wp\/v2\/types\/page"}],"author":[{"embeddable":true,"href":"https:\/\/pontoniere-sg.ch\/index.php\/wp-json\/wp\/v2\/users\/3"}],"replies":[{"embeddable":true,"href":"https:\/\/pontoniere-sg.ch\/index.php\/wp-json\/wp\/v2\/comments?post=51"}],"version-history":[{"count":37,"href":"https:\/\/pontoniere-sg.ch\/index.php\/wp-json\/wp\/v2\/pages\/51\/revisions"}],"predecessor-version":[{"id":2385,"href":"https:\/\/pontoniere-sg.ch\/index.php\/wp-json\/wp\/v2\/pages\/51\/revisions\/2385"}],"up":[{"embeddable":true,"href":"https:\/\/pontoniere-sg.ch\/index.php\/wp-json\/wp\/v2\/pages\/50"}],"wp:attachment":[{"href":"https:\/\/pontoniere-sg.ch\/index.php\/wp-json\/wp\/v2\/media?parent=51"}],"curies":[{"name":"wp","href":"https:\/\/api.w.org\/{rel}","templated":true}]}}