{"id":53,"date":"2020-05-06T17:13:46","date_gmt":"2020-05-06T17:13:46","guid":{"rendered":"http:\/\/pontoniere.agugger.ch\/?page_id=53"},"modified":"2025-01-09T18:25:29","modified_gmt":"2025-01-09T17:25:29","slug":"aarefest2023","status":"publish","type":"page","link":"https:\/\/pontoniere-sg.ch\/index.php\/events\/aarefest2023\/","title":{"rendered":"Aarefest 2023"},"content":{"rendered":"\t\t<div data-elementor-type=\"wp-page\" data-elementor-id=\"53\" class=\"elementor elementor-53\">\n\t\t\t\t\t\t<section class=\"elementor-section elementor-top-section elementor-element elementor-element-3389700 elementor-section-boxed elementor-section-height-default elementor-section-height-default\" data-id=\"3389700\" data-element_type=\"section\" data-e-type=\"section\">\n\t\t\t\t\t\t<div class=\"elementor-container elementor-column-gap-default\">\n\t\t\t\t\t<div class=\"elementor-column elementor-col-50 elementor-top-column elementor-element elementor-element-948b52a\" data-id=\"948b52a\" data-element_type=\"column\" data-e-type=\"column\">\n\t\t\t<div class=\"elementor-widget-wrap elementor-element-populated\">\n\t\t\t\t\t\t<div class=\"elementor-element elementor-element-79e1f65 elementor-widget elementor-widget-text-editor\" data-id=\"79e1f65\" data-element_type=\"widget\" data-e-type=\"widget\" data-widget_type=\"text-editor.default\">\n\t\t\t\t<div class=\"elementor-widget-container\">\n\t\t\t\t\t\t\t\t\t<h4><strong>Liebe Wassersportbegeisterte und Freunde der Pontoniere<\/strong><\/h4><p>Vom <strong>1. &#8211; 3. September 2023<\/strong> war es soweit und das <strong>Aarefest mit Schlauchbootrennen<\/strong> fand statt. Der Festbetrieb mit unseren legend\u00e4ren und immer selbstgemachten Fischen startete am Freitag 18:00 Uhr. Am Samstagmorgen starteten ab 09:30 Uhr die ersten Gruppen im Plausch-Schlauchbootrennen. Die zeitlich am Besten platzierten Teams starteten am Sonntag nochmals in den Finall\u00e4ufen.<br \/>W\u00e4hrend des ganzen Tages war f\u00fcr das leibliche wohl gesorgt und wie bereits am Freitagabend, spielte auch am Samstag eine Live-Band die bekanntesten Schlager und Evergreens.<br \/>Am Sonntag gab es ab 11:00 Uhr wieder Fische solange es reichte. Am Nachmittag ab 14:00 Uhr startete der Final im Schlauchbootrennen. Gem\u00fctlich und mit den Sieger des Plausch-Schlauchbootrennens, liessen wir den Anlass ausklingen.\u00a0<\/p><p><strong>Ganz herzlichen Dank f\u00fcr ihren Besuch und bis in 2 Jahren wieder.<\/strong><\/p>\t\t\t\t\t\t\t\t<\/div>\n\t\t\t\t<\/div>\n\t\t\t\t\t<\/div>\n\t\t<\/div>\n\t\t\t\t<div class=\"elementor-column elementor-col-50 elementor-top-column elementor-element elementor-element-91d60d8\" data-id=\"91d60d8\" data-element_type=\"column\" data-e-type=\"column\">\n\t\t\t<div class=\"elementor-widget-wrap elementor-element-populated\">\n\t\t\t\t\t\t<div class=\"elementor-element elementor-element-d510943 elementor-widget elementor-widget-image\" data-id=\"d510943\" data-element_type=\"widget\" data-e-type=\"widget\" data-widget_type=\"image.default\">\n\t\t\t\t<div class=\"elementor-widget-container\">\n\t\t\t\t\t\t\t\t\t\t\t\t\t\t\t<img fetchpriority=\"high\" decoding=\"async\" width=\"211\" height=\"300\" src=\"https:\/\/pontoniere-sg.ch\/wp-content\/uploads\/2023\/08\/PVSG_Aarefest-2023-Inserat_20230807-211x300.jpg\" class=\"attachment-medium size-medium wp-image-2830\" alt=\"Werbung f\u00fcr das Aarefest mit Plausch-Schlaubootrennen und Schnuppertraining f\u00fcr Kinder\" srcset=\"https:\/\/pontoniere-sg.ch\/wp-content\/uploads\/2023\/08\/PVSG_Aarefest-2023-Inserat_20230807-211x300.jpg 211w, https:\/\/pontoniere-sg.ch\/wp-content\/uploads\/2023\/08\/PVSG_Aarefest-2023-Inserat_20230807-720x1024.jpg 720w, https:\/\/pontoniere-sg.ch\/wp-content\/uploads\/2023\/08\/PVSG_Aarefest-2023-Inserat_20230807-768x1092.jpg 768w, https:\/\/pontoniere-sg.ch\/wp-content\/uploads\/2023\/08\/PVSG_Aarefest-2023-Inserat_20230807-1081x1536.jpg 1081w, https:\/\/pontoniere-sg.ch\/wp-content\/uploads\/2023\/08\/PVSG_Aarefest-2023-Inserat_20230807-1441x2048.jpg 1441w, https:\/\/pontoniere-sg.ch\/wp-content\/uploads\/2023\/08\/PVSG_Aarefest-2023-Inserat_20230807-scaled.jpg 1801w\" sizes=\"(max-width: 211px) 100vw, 211px\" \/>\t\t\t\t\t\t\t\t\t\t\t\t\t\t\t<\/div>\n\t\t\t\t<\/div>\n\t\t\t\t\t<\/div>\n\t\t<\/div>\n\t\t\t\t\t<\/div>\n\t\t<\/section>\n\t\t\t\t<section class=\"elementor-section elementor-top-section elementor-element elementor-element-7f77d01 elementor-section-boxed elementor-section-height-default elementor-section-height-default\" data-id=\"7f77d01\" data-element_type=\"section\" data-e-type=\"section\">\n\t\t\t\t\t\t<div class=\"elementor-container elementor-column-gap-default\">\n\t\t\t\t\t<div class=\"elementor-column elementor-col-50 elementor-top-column elementor-element elementor-element-a65d998\" data-id=\"a65d998\" data-element_type=\"column\" data-e-type=\"column\">\n\t\t\t<div class=\"elementor-widget-wrap elementor-element-populated\">\n\t\t\t\t\t\t<div class=\"elementor-element elementor-element-792f2bd elementor-widget elementor-widget-text-editor\" data-id=\"792f2bd\" data-element_type=\"widget\" data-e-type=\"widget\" data-widget_type=\"text-editor.default\">\n\t\t\t\t<div class=\"elementor-widget-container\">\n\t\t\t\t\t\t\t\t\t<p>Hier findet ihr die aktuelle Rangliste des Plausch-Schlauchbootrennens.<\/p>\t\t\t\t\t\t\t\t<\/div>\n\t\t\t\t<\/div>\n\t\t\t\t\t<\/div>\n\t\t<\/div>\n\t\t\t\t<div class=\"elementor-column elementor-col-50 elementor-top-column elementor-element elementor-element-c6e47b2\" data-id=\"c6e47b2\" data-element_type=\"column\" data-e-type=\"column\">\n\t\t\t<div class=\"elementor-widget-wrap elementor-element-populated\">\n\t\t\t\t\t\t<div class=\"elementor-element elementor-element-437ffce elementor-align-left elementor-widget elementor-widget-button\" data-id=\"437ffce\" data-element_type=\"widget\" data-e-type=\"widget\" data-widget_type=\"button.default\">\n\t\t\t\t<div class=\"elementor-widget-container\">\n\t\t\t\t\t\t\t\t\t<div class=\"elementor-button-wrapper\">\n\t\t\t\t\t<a class=\"elementor-button elementor-button-link elementor-size-sm\" href=\"https:\/\/pontoniere-sg.ch\/wp-content\/uploads\/2023\/09\/Rangliste-Damen-2023.pdf\" target=\"_blank\">\n\t\t\t\t\t\t<span class=\"elementor-button-content-wrapper\">\n\t\t\t\t\t\t\t\t\t<span class=\"elementor-button-text\">Rangliste Damen<\/span>\n\t\t\t\t\t<\/span>\n\t\t\t\t\t<\/a>\n\t\t\t\t<\/div>\n\t\t\t\t\t\t\t\t<\/div>\n\t\t\t\t<\/div>\n\t\t\t\t<div class=\"elementor-element elementor-element-b253b3e elementor-align-left elementor-widget__width-initial elementor-widget elementor-widget-button\" data-id=\"b253b3e\" data-element_type=\"widget\" data-e-type=\"widget\" data-widget_type=\"button.default\">\n\t\t\t\t<div class=\"elementor-widget-container\">\n\t\t\t\t\t\t\t\t\t<div class=\"elementor-button-wrapper\">\n\t\t\t\t\t<a class=\"elementor-button elementor-button-link elementor-size-sm\" href=\"https:\/\/pontoniere-sg.ch\/wp-content\/uploads\/2023\/09\/Rangliste-Herren-2023.pdf\" target=\"_blank\">\n\t\t\t\t\t\t<span class=\"elementor-button-content-wrapper\">\n\t\t\t\t\t\t\t\t\t<span class=\"elementor-button-text\">Ranglisten Herren<\/span>\n\t\t\t\t\t<\/span>\n\t\t\t\t\t<\/a>\n\t\t\t\t<\/div>\n\t\t\t\t\t\t\t\t<\/div>\n\t\t\t\t<\/div>\n\t\t\t\t\t<\/div>\n\t\t<\/div>\n\t\t\t\t\t<\/div>\n\t\t<\/section>\n\t\t\t\t<section class=\"elementor-section elementor-top-section elementor-element elementor-element-6faae58 elementor-section-boxed elementor-section-height-default elementor-section-height-default\" data-id=\"6faae58\" data-element_type=\"section\" data-e-type=\"section\">\n\t\t\t\t\t\t<div class=\"elementor-container elementor-column-gap-default\">\n\t\t\t\t\t<div class=\"elementor-column elementor-col-100 elementor-top-column elementor-element elementor-element-52c682d\" data-id=\"52c682d\" data-element_type=\"column\" data-e-type=\"column\">\n\t\t\t<div class=\"elementor-widget-wrap elementor-element-populated\">\n\t\t\t\t\t\t<div class=\"elementor-element elementor-element-f915471 elementor-widget elementor-widget-heading\" data-id=\"f915471\" data-element_type=\"widget\" data-e-type=\"widget\" data-widget_type=\"heading.default\">\n\t\t\t\t<div class=\"elementor-widget-container\">\n\t\t\t\t\t<h2 class=\"elementor-heading-title elementor-size-default\">Schlauchboot-Plauschrennen<\/h2>\t\t\t\t<\/div>\n\t\t\t\t<\/div>\n\t\t\t\t\t<\/div>\n\t\t<\/div>\n\t\t\t\t\t<\/div>\n\t\t<\/section>\n\t\t\t\t<section class=\"elementor-section elementor-top-section elementor-element elementor-element-e2022ff elementor-section-boxed elementor-section-height-default elementor-section-height-default\" data-id=\"e2022ff\" data-element_type=\"section\" data-e-type=\"section\">\n\t\t\t\t\t\t<div class=\"elementor-container elementor-column-gap-default\">\n\t\t\t\t\t<div class=\"elementor-column elementor-col-66 elementor-top-column elementor-element elementor-element-04d95d7\" data-id=\"04d95d7\" data-element_type=\"column\" data-e-type=\"column\">\n\t\t\t<div class=\"elementor-widget-wrap elementor-element-populated\">\n\t\t\t\t\t\t<div class=\"elementor-element elementor-element-b8ef617 elementor-widget elementor-widget-text-editor\" data-id=\"b8ef617\" data-element_type=\"widget\" data-e-type=\"widget\" data-widget_type=\"text-editor.default\">\n\t\t\t\t<div class=\"elementor-widget-container\">\n\t\t\t\t\t\t\t\t\t<p>Den Gruppen geben wir die M\u00f6glichkeit, die Startzeiten am Samstag, zwischen drei Zeiten selbst zu w\u00e4hlen:<\/p><p><strong>09:30 Uhr | 13:00 Uhr | 15:30 Uhr<\/strong><\/p><p>Wichtig dabei ist, ihr m\u00fcsst innerhalb von 2 bis 3 Stunden drei L\u00e4ufe absolvieren. Je nach Anmeldungen k\u00f6nnte es noch Verschiebungen geben. Die definitive Startzeit geben wir euch rechtzeitig bekannt.<\/p><p>Der Sonntag sollte jedoch ganz reserviert sein, denn je nach Qualifikation m\u00fcssen ihr zu folgenden Zeiten starten:<\/p>\t\t\t\t\t\t\t\t<\/div>\n\t\t\t\t<\/div>\n\t\t\t\t\t<\/div>\n\t\t<\/div>\n\t\t\t\t<div class=\"elementor-column elementor-col-33 elementor-top-column elementor-element elementor-element-9c13a6f\" data-id=\"9c13a6f\" data-element_type=\"column\" data-e-type=\"column\">\n\t\t\t<div class=\"elementor-widget-wrap elementor-element-populated\">\n\t\t\t\t\t\t<div class=\"elementor-element elementor-element-7327fe2 elementor-align-center elementor-widget elementor-widget-button\" data-id=\"7327fe2\" data-element_type=\"widget\" data-e-type=\"widget\" data-widget_type=\"button.default\">\n\t\t\t\t<div class=\"elementor-widget-container\">\n\t\t\t\t\t\t\t\t\t<div class=\"elementor-button-wrapper\">\n\t\t\t\t\t<a class=\"elementor-button elementor-size-sm\" role=\"button\">\n\t\t\t\t\t\t<span class=\"elementor-button-content-wrapper\">\n\t\t\t\t\t\t\t\t\t<span class=\"elementor-button-text\">Anmeldeformular Erwachsene <\/span>\n\t\t\t\t\t<\/span>\n\t\t\t\t\t<\/a>\n\t\t\t\t<\/div>\n\t\t\t\t\t\t\t\t<\/div>\n\t\t\t\t<\/div>\n\t\t\t\t\t<\/div>\n\t\t<\/div>\n\t\t\t\t\t<\/div>\n\t\t<\/section>\n\t\t\t\t<section class=\"elementor-section elementor-top-section elementor-element elementor-element-7e7ba57 elementor-section-boxed elementor-section-height-default elementor-section-height-default\" data-id=\"7e7ba57\" data-element_type=\"section\" data-e-type=\"section\">\n\t\t\t\t\t\t<div class=\"elementor-container elementor-column-gap-default\">\n\t\t\t\t\t<div class=\"elementor-column elementor-col-100 elementor-top-column elementor-element elementor-element-47ffad1\" data-id=\"47ffad1\" data-element_type=\"column\" data-e-type=\"column\">\n\t\t\t<div class=\"elementor-widget-wrap elementor-element-populated\">\n\t\t\t\t\t\t<div class=\"elementor-element elementor-element-f10aeb9 elementor-widget elementor-widget-text-editor\" data-id=\"f10aeb9\" data-element_type=\"widget\" data-e-type=\"widget\" data-widget_type=\"text-editor.default\">\n\t\t\t\t<div class=\"elementor-widget-container\">\n\t\t\t\t\t\t\t\t\t<table width=\"614\"><tbody><tr><td width=\"141\"><p><strong>Startzeiten<\/strong><\/p><\/td><td width=\"472\"><p><strong>Lauf-Nummer<\/strong><\/p><\/td><\/tr><tr><td width=\"141\"><p>10:30 Uhr<\/p><\/td><td width=\"472\"><p>Lauf 4<\/p><\/td><\/tr><tr><td width=\"141\"><p>13:00 Uhr<\/p><\/td><td width=\"472\"><p>Lauf 5<\/p><\/td><\/tr><tr><td width=\"141\"><p>14:00 Uhr<\/p><\/td><td width=\"472\"><p>Final<\/p><\/td><\/tr><tr><td width=\"141\"><p>16:00 Uhr<\/p><\/td><td width=\"472\"><p>Rangverlesen f\u00fcr alle Gruppen<\/p><\/td><\/tr><\/tbody><\/table><p>Wir starten wieder in Gruppen \u00e0 5 Personen in 2 Kategorien: <strong>Kategorie A<\/strong>\u00a0(Herren oder Damen\/Herren gemischt) oder\u00a0<strong>Kategorie B<\/strong>\u00a0(ausschliesslich Damen).<\/p><table width=\"614\"><tbody><tr><td width=\"141\"><p><strong>Startgeld<\/strong><\/p><\/td><td width=\"472\"><p>CHF 30.- pro Gruppe (Startgeld wird ausschliesslich f\u00fcr Preise verwendet)<\/p><\/td><\/tr><tr><td width=\"141\"><p><strong>Einzahlung-Online<\/strong><\/p><\/td><td width=\"472\"><p>bis 29. August 2023 auf Raiffeisenbank am Eppenberg, Niederg\u00f6sgen<\/p><p>Zugunsten: Pontonierfahrverein Sch\u00f6nenwerd-G\u00f6sgen, 5012 Sch\u00f6nenwerd, IBAN: CH49 8096 5000 0109 4179 9<\/p><p>(Bitte unbedingt Gruppennamen unter Mitteilungen vermerken)<\/p><\/td><\/tr><tr><td width=\"141\"><p><strong>Reglement<\/strong><\/p><\/td><td width=\"472\"><p>Faires Verhalten. Es soll vorallem Spass machen<\/p><\/td><\/tr><tr><td width=\"141\"><p><strong>Anmeldung<\/strong><\/p><\/td><td width=\"472\"><p>bis 29. August 2023 mittels Online-Anmeldeformular oder direkt bei<\/p><p><a style=\"font-size: 14px;\" href=\"mailto:aarefest@pontoniere-sg.ch\" target=\"_blank\" rel=\"noopener\">aarefest@pontoniere-sg.ch<\/a><\/p><\/td><\/tr><\/tbody><\/table>\t\t\t\t\t\t\t\t<\/div>\n\t\t\t\t<\/div>\n\t\t\t\t<div class=\"elementor-element elementor-element-415d9da elementor-widget-divider--view-line elementor-widget elementor-widget-divider\" data-id=\"415d9da\" data-element_type=\"widget\" data-e-type=\"widget\" data-widget_type=\"divider.default\">\n\t\t\t\t<div class=\"elementor-widget-container\">\n\t\t\t\t\t\t\t<div class=\"elementor-divider\">\n\t\t\t<span class=\"elementor-divider-separator\">\n\t\t\t\t\t\t<\/span>\n\t\t<\/div>\n\t\t\t\t\t\t<\/div>\n\t\t\t\t<\/div>\n\t\t\t\t<div class=\"elementor-element elementor-element-38f592b elementor-widget elementor-widget-heading\" data-id=\"38f592b\" data-element_type=\"widget\" data-e-type=\"widget\" data-widget_type=\"heading.default\">\n\t\t\t\t<div class=\"elementor-widget-container\">\n\t\t\t\t\t<h2 class=\"elementor-heading-title elementor-size-default\">Sponsoren<\/h2>\t\t\t\t<\/div>\n\t\t\t\t<\/div>\n\t\t\t\t<div class=\"elementor-element elementor-element-5f143c6 elementor-widget elementor-widget-text-editor\" data-id=\"5f143c6\" data-element_type=\"widget\" data-e-type=\"widget\" data-widget_type=\"text-editor.default\">\n\t\t\t\t<div class=\"elementor-widget-container\">\n\t\t\t\t\t\t\t\t\t<p>Herzlichen Dank f\u00fcr die wertvolle Unterst\u00fctzung zugunsten des Schlauchbootrennens<\/p><ul><li><a href=\"http:\/\/www.sibau.ch\/\" target=\"_blank\" rel=\"noopener\">SiBau Management GmbH<\/a><\/li><li><a href=\"http:\/\/www.weid-garage.ch\/\" target=\"_blank\" rel=\"noopener\">Auto Widmer AG<\/a><\/li><li><a href=\"https:\/\/www.gassler.ch\/\" target=\"_blank\" rel=\"noopener\">Hans Gassler AG<\/a><\/li><li><a href=\"https:\/\/heller-raum.ch\/\" target=\"_blank\" rel=\"noopener\">HellerRaum Gewerbeboxen<\/a><\/li><li><a href=\"https:\/\/www.eng-sohn.ch\/\" target=\"_blank\" rel=\"noopener\">Eng &amp; Sohn Forstunternehmung<\/a><\/li><li><a href=\"https:\/\/garage-marti.hyundai.ch\/\" target=\"_blank\" rel=\"noopener\">Garage Marti AG<\/a><\/li><\/ul>\t\t\t\t\t\t\t\t<\/div>\n\t\t\t\t<\/div>\n\t\t\t\t<div class=\"elementor-element elementor-element-6d315c1 elementor-widget elementor-widget-image-gallery\" data-id=\"6d315c1\" data-element_type=\"widget\" data-e-type=\"widget\" data-widget_type=\"image-gallery.default\">\n\t\t\t\t<div class=\"elementor-widget-container\">\n\t\t\t\t\t\t\t<div class=\"elementor-image-gallery\">\n\t\t\t<div id='gallery-1' class='gallery galleryid-53 gallery-columns-3 gallery-size-medium'><figure class='gallery-item'>\n\t\t\t<div class='gallery-icon landscape'>\n\t\t\t\t<a data-elementor-open-lightbox=\"yes\" data-elementor-lightbox-slideshow=\"6d315c1\" data-elementor-lightbox-title=\"Sibau\" data-e-action-hash=\"#elementor-action%3Aaction%3Dlightbox%26settings%3DeyJpZCI6Mjg3OSwidXJsIjoiaHR0cHM6XC9cL3BvbnRvbmllcmUtc2cuY2hcL3dwLWNvbnRlbnRcL3VwbG9hZHNcLzIwMjNcLzA5XC9TaWJhdS5qcGciLCJzbGlkZXNob3ciOiI2ZDMxNWMxIn0%3D\" href='https:\/\/pontoniere-sg.ch\/wp-content\/uploads\/2023\/09\/Sibau.jpg'><img decoding=\"async\" width=\"273\" height=\"111\" src=\"https:\/\/pontoniere-sg.ch\/wp-content\/uploads\/2023\/09\/Sibau.jpg\" class=\"attachment-medium size-medium\" alt=\"\" \/><\/a>\n\t\t\t<\/div><\/figure><figure class='gallery-item'>\n\t\t\t<div class='gallery-icon landscape'>\n\t\t\t\t<a data-elementor-open-lightbox=\"yes\" data-elementor-lightbox-slideshow=\"6d315c1\" data-elementor-lightbox-title=\"Weid\" data-e-action-hash=\"#elementor-action%3Aaction%3Dlightbox%26settings%3DeyJpZCI6Mjg3OCwidXJsIjoiaHR0cHM6XC9cL3BvbnRvbmllcmUtc2cuY2hcL3dwLWNvbnRlbnRcL3VwbG9hZHNcLzIwMjNcLzA5XC9XZWlkLmpwZyIsInNsaWRlc2hvdyI6IjZkMzE1YzEifQ%3D%3D\" href='https:\/\/pontoniere-sg.ch\/wp-content\/uploads\/2023\/09\/Weid.jpg'><img decoding=\"async\" width=\"300\" height=\"23\" src=\"https:\/\/pontoniere-sg.ch\/wp-content\/uploads\/2023\/09\/Weid-300x23.jpg\" class=\"attachment-medium size-medium\" alt=\"\" srcset=\"https:\/\/pontoniere-sg.ch\/wp-content\/uploads\/2023\/09\/Weid-300x23.jpg 300w, https:\/\/pontoniere-sg.ch\/wp-content\/uploads\/2023\/09\/Weid-768x59.jpg 768w, https:\/\/pontoniere-sg.ch\/wp-content\/uploads\/2023\/09\/Weid.jpg 885w\" sizes=\"(max-width: 300px) 100vw, 300px\" \/><\/a>\n\t\t\t<\/div><\/figure><figure class='gallery-item'>\n\t\t\t<div class='gallery-icon landscape'>\n\t\t\t\t<a data-elementor-open-lightbox=\"yes\" data-elementor-lightbox-slideshow=\"6d315c1\" data-elementor-lightbox-title=\"Heller\" data-e-action-hash=\"#elementor-action%3Aaction%3Dlightbox%26settings%3DeyJpZCI6Mjg3NiwidXJsIjoiaHR0cHM6XC9cL3BvbnRvbmllcmUtc2cuY2hcL3dwLWNvbnRlbnRcL3VwbG9hZHNcLzIwMjNcLzA5XC9IZWxsZXIuanBnIiwic2xpZGVzaG93IjoiNmQzMTVjMSJ9\" href='https:\/\/pontoniere-sg.ch\/wp-content\/uploads\/2023\/09\/Heller.jpg'><img loading=\"lazy\" decoding=\"async\" width=\"300\" height=\"103\" src=\"https:\/\/pontoniere-sg.ch\/wp-content\/uploads\/2023\/09\/Heller-300x103.jpg\" class=\"attachment-medium size-medium\" alt=\"\" srcset=\"https:\/\/pontoniere-sg.ch\/wp-content\/uploads\/2023\/09\/Heller-300x103.jpg 300w, https:\/\/pontoniere-sg.ch\/wp-content\/uploads\/2023\/09\/Heller-1024x352.jpg 1024w, https:\/\/pontoniere-sg.ch\/wp-content\/uploads\/2023\/09\/Heller-768x264.jpg 768w, https:\/\/pontoniere-sg.ch\/wp-content\/uploads\/2023\/09\/Heller.jpg 1281w\" sizes=\"(max-width: 300px) 100vw, 300px\" \/><\/a>\n\t\t\t<\/div><\/figure><figure class='gallery-item'>\n\t\t\t<div class='gallery-icon landscape'>\n\t\t\t\t<a data-elementor-open-lightbox=\"yes\" data-elementor-lightbox-slideshow=\"6d315c1\" data-elementor-lightbox-title=\"Eng &amp; Sohn\" data-e-action-hash=\"#elementor-action%3Aaction%3Dlightbox%26settings%3DeyJpZCI6Mjg3NywidXJsIjoiaHR0cHM6XC9cL3BvbnRvbmllcmUtc2cuY2hcL3dwLWNvbnRlbnRcL3VwbG9hZHNcLzIwMjNcLzA5XC9FbmctU29obi5qcGciLCJzbGlkZXNob3ciOiI2ZDMxNWMxIn0%3D\" href='https:\/\/pontoniere-sg.ch\/wp-content\/uploads\/2023\/09\/Eng-Sohn.jpg'><img loading=\"lazy\" decoding=\"async\" width=\"300\" height=\"167\" src=\"https:\/\/pontoniere-sg.ch\/wp-content\/uploads\/2023\/09\/Eng-Sohn-300x167.jpg\" class=\"attachment-medium size-medium\" alt=\"\" srcset=\"https:\/\/pontoniere-sg.ch\/wp-content\/uploads\/2023\/09\/Eng-Sohn-300x167.jpg 300w, https:\/\/pontoniere-sg.ch\/wp-content\/uploads\/2023\/09\/Eng-Sohn.jpg 499w\" sizes=\"(max-width: 300px) 100vw, 300px\" \/><\/a>\n\t\t\t<\/div><\/figure><figure class='gallery-item'>\n\t\t\t<div class='gallery-icon landscape'>\n\t\t\t\t<a data-elementor-open-lightbox=\"yes\" data-elementor-lightbox-slideshow=\"6d315c1\" data-elementor-lightbox-title=\"Gassler\" data-e-action-hash=\"#elementor-action%3Aaction%3Dlightbox%26settings%3DeyJpZCI6Mjg3NSwidXJsIjoiaHR0cHM6XC9cL3BvbnRvbmllcmUtc2cuY2hcL3dwLWNvbnRlbnRcL3VwbG9hZHNcLzIwMjNcLzA5XC9HYXNzbGVyLmpwZyIsInNsaWRlc2hvdyI6IjZkMzE1YzEifQ%3D%3D\" href='https:\/\/pontoniere-sg.ch\/wp-content\/uploads\/2023\/09\/Gassler.jpg'><img loading=\"lazy\" decoding=\"async\" width=\"242\" height=\"41\" src=\"https:\/\/pontoniere-sg.ch\/wp-content\/uploads\/2023\/09\/Gassler.jpg\" class=\"attachment-medium size-medium\" alt=\"\" \/><\/a>\n\t\t\t<\/div><\/figure><figure class='gallery-item'>\n\t\t\t<div class='gallery-icon landscape'>\n\t\t\t\t<a data-elementor-open-lightbox=\"yes\" data-elementor-lightbox-slideshow=\"6d315c1\" data-elementor-lightbox-title=\"Garage Marti\" data-e-action-hash=\"#elementor-action%3Aaction%3Dlightbox%26settings%3DeyJpZCI6Mjg3NCwidXJsIjoiaHR0cHM6XC9cL3BvbnRvbmllcmUtc2cuY2hcL3dwLWNvbnRlbnRcL3VwbG9hZHNcLzIwMjNcLzA5XC9HYXJhZ2UtTWFydGkuanBnIiwic2xpZGVzaG93IjoiNmQzMTVjMSJ9\" href='https:\/\/pontoniere-sg.ch\/wp-content\/uploads\/2023\/09\/Garage-Marti.jpg'><img loading=\"lazy\" decoding=\"async\" width=\"300\" height=\"277\" src=\"https:\/\/pontoniere-sg.ch\/wp-content\/uploads\/2023\/09\/Garage-Marti-300x277.jpg\" class=\"attachment-medium size-medium\" alt=\"\" srcset=\"https:\/\/pontoniere-sg.ch\/wp-content\/uploads\/2023\/09\/Garage-Marti-300x277.jpg 300w, https:\/\/pontoniere-sg.ch\/wp-content\/uploads\/2023\/09\/Garage-Marti-768x709.jpg 768w, https:\/\/pontoniere-sg.ch\/wp-content\/uploads\/2023\/09\/Garage-Marti.jpg 878w\" sizes=\"(max-width: 300px) 100vw, 300px\" \/><\/a>\n\t\t\t<\/div><\/figure>\n\t\t<\/div>\n\t\t<\/div>\n\t\t\t\t\t\t<\/div>\n\t\t\t\t<\/div>\n\t\t\t\t\t<\/div>\n\t\t<\/div>\n\t\t\t\t\t<\/div>\n\t\t<\/section>\n\t\t\t\t<section class=\"elementor-section elementor-top-section elementor-element elementor-element-9975858 elementor-section-boxed elementor-section-height-default elementor-section-height-default\" data-id=\"9975858\" data-element_type=\"section\" data-e-type=\"section\">\n\t\t\t\t\t\t<div class=\"elementor-container elementor-column-gap-default\">\n\t\t\t\t\t<div class=\"elementor-column elementor-col-100 elementor-top-column elementor-element elementor-element-a3a820a\" data-id=\"a3a820a\" data-element_type=\"column\" data-e-type=\"column\">\n\t\t\t<div class=\"elementor-widget-wrap elementor-element-populated\">\n\t\t\t\t\t\t<div class=\"elementor-element elementor-element-e29750f elementor-widget elementor-widget-image\" data-id=\"e29750f\" data-element_type=\"widget\" data-e-type=\"widget\" data-widget_type=\"image.default\">\n\t\t\t\t<div class=\"elementor-widget-container\">\n\t\t\t\t\t\t\t\t\t\t\t\t\t\t\t<img loading=\"lazy\" decoding=\"async\" width=\"640\" height=\"480\" src=\"https:\/\/pontoniere-sg.ch\/wp-content\/uploads\/2023\/06\/20230618_110703-korr-1024x768.jpg\" class=\"attachment-large size-large wp-image-2746\" alt=\"Weidling mit Blumen f\u00fcr die Werbung des Aarefests mit Schlauchbootrennen\" srcset=\"https:\/\/pontoniere-sg.ch\/wp-content\/uploads\/2023\/06\/20230618_110703-korr-1024x768.jpg 1024w, https:\/\/pontoniere-sg.ch\/wp-content\/uploads\/2023\/06\/20230618_110703-korr-300x225.jpg 300w, https:\/\/pontoniere-sg.ch\/wp-content\/uploads\/2023\/06\/20230618_110703-korr-768x576.jpg 768w, https:\/\/pontoniere-sg.ch\/wp-content\/uploads\/2023\/06\/20230618_110703-korr-1536x1152.jpg 1536w, https:\/\/pontoniere-sg.ch\/wp-content\/uploads\/2023\/06\/20230618_110703-korr-2048x1536.jpg 2048w\" sizes=\"(max-width: 640px) 100vw, 640px\" \/>\t\t\t\t\t\t\t\t\t\t\t\t\t\t\t<\/div>\n\t\t\t\t<\/div>\n\t\t\t\t\t<\/div>\n\t\t<\/div>\n\t\t\t\t\t<\/div>\n\t\t<\/section>\n\t\t\t\t<\/div>\n\t\t","protected":false},"excerpt":{"rendered":"<p>Liebe Wassersportbegeisterte und Freunde der Pontoniere Vom 1. &#8211; 3. September 2023 war es soweit und das Aarefest mit Schlauchbootrennen fand statt. Der Festbetrieb mit unseren legend\u00e4ren und immer selbstgemachten Fischen startete am Freitag 18:00 Uhr. Am Samstagmorgen starteten ab 09:30 Uhr die ersten Gruppen im Plausch-Schlauchbootrennen. Die zeitlich am Besten platzierten Teams starteten am [&hellip;]<\/p>\n","protected":false},"author":3,"featured_media":2746,"parent":50,"menu_order":720,"comment_status":"closed","ping_status":"closed","template":"","meta":{"footnotes":""},"class_list":["post-53","page","type-page","status-publish","has-post-thumbnail","hentry"],"_links":{"self":[{"href":"https:\/\/pontoniere-sg.ch\/index.php\/wp-json\/wp\/v2\/pages\/53","targetHints":{"allow":["GET"]}}],"collection":[{"href":"https:\/\/pontoniere-sg.ch\/index.php\/wp-json\/wp\/v2\/pages"}],"about":[{"href":"https:\/\/pontoniere-sg.ch\/index.php\/wp-json\/wp\/v2\/types\/page"}],"author":[{"embeddable":true,"href":"https:\/\/pontoniere-sg.ch\/index.php\/wp-json\/wp\/v2\/users\/3"}],"replies":[{"embeddable":true,"href":"https:\/\/pontoniere-sg.ch\/index.php\/wp-json\/wp\/v2\/comments?post=53"}],"version-history":[{"count":169,"href":"https:\/\/pontoniere-sg.ch\/index.php\/wp-json\/wp\/v2\/pages\/53\/revisions"}],"predecessor-version":[{"id":3464,"href":"https:\/\/pontoniere-sg.ch\/index.php\/wp-json\/wp\/v2\/pages\/53\/revisions\/3464"}],"up":[{"embeddable":true,"href":"https:\/\/pontoniere-sg.ch\/index.php\/wp-json\/wp\/v2\/pages\/50"}],"wp:featuredmedia":[{"embeddable":true,"href":"https:\/\/pontoniere-sg.ch\/index.php\/wp-json\/wp\/v2\/media\/2746"}],"wp:attachment":[{"href":"https:\/\/pontoniere-sg.ch\/index.php\/wp-json\/wp\/v2\/media?parent=53"}],"curies":[{"name":"wp","href":"https:\/\/api.w.org\/{rel}","templated":true}]}}